and 78.
6
Calculate the highest common factor of 2967084 and 6620.
1324
What is the highest common factor of 2671780 and 128928?
316
Calculate the highest common factor of 110789040 and 1296.
48
Calculate the highest common factor of 255671 and 2956421.
3601
Calculate the greatest common factor of 4227 and 42429.
3
Calculate the highest common divisor of 3626 and 476834.
2
What is the greatest common factor of 28054 and 4087252?
2158
Calculate the highest common factor of 237146 and 55302.
26
What is the highest common factor of 5715 and 135090?
45
What is the highest common divisor of 943590350 and 1425?
475
What is the highest common divisor of 173448 and 6336?
792
What is the greatest common factor of 1914295 and 28809?
97
What is the highest common divisor of 55 and 26501365?
55
Calculate the greatest common factor of 6235 and 5931979.
1247
What is the greatest common divisor of 2023 and 141281?
7
Calculate the highest common divisor of 58788 and 77916456.
828
Calculate the greatest common divisor of 1020 and 435794490.
510
What is the greatest common divisor of 3120 and 7962006?
78
What is the greatest common factor of 10290650 and 2610?
290
What is the highest common factor of 1540219 and 13559269?
8903
Calculate the greatest common divisor of 309995 and 6895.
35
What is the greatest common factor of 117951 and 66?
3
Calculate the greatest common divisor of 3099 and 34751153.
1033
Calculate the greatest common factor of 886262 and 146.
2
Calculate the highest common divisor of 63580 and 1613249.
187
What is the highest common factor of 83246968 and 18232?
344
What is the greatest common factor of 19468 and 12733956?
628
What is the highest common factor of 13749429 and 79253?
1933
Calculate the greatest common factor of 3937 and 3070987.
127
What is the highest common factor of 13224 and 1925832?
696
Calculate the highest common divisor of 30003750 and 27432.
6858
What is the highest common divisor of 128 and 10733728?
32
Calculate the highest common divisor of 270 and 12492915.
15
Calculate the greatest common divisor of 2075856 and 16992.
2832
Calculate the greatest common divisor of 4920 and 321528.
24
What is the highest common divisor of 55042 and 193778?
754
Calculate the greatest common factor of 26122940 and 4.
4
Calculate the greatest common divisor of 129114 and 1365261.
2391
What is the highest common divisor of 59081940 and 207000?
4140
What is the highest common factor of 142 and 234365746?
142
What is the highest common divisor of 22168656 and 252?
36
Calculate the greatest common factor of 2001 and 139548.
87
Calculate the greatest common factor of 847 and 471584069.
121
Calculate the highest common divisor of 12171303 and 663.
51
Calculate the highest common divisor of 1102178 and 295834.
2618
What is the greatest common divisor of 508 and 51913028?
508
What is the highest common factor of 70859 and 1947?
59
What is the highest common factor of 8404448 and 979?
89
What is the highest common divisor of 352 and 9098452?
44
Calculate the greatest common factor of 18666886 and 28.
14
Calculate the greatest common factor of 2898 and 4408203.
69
What is the greatest common divisor of 27298817 and 35?
7
Calculate the greatest common factor of 3091405548 and 14.
14
What is the highest common factor of 28 and 31103732?
4
Calculate the highest common factor of 2356 and 7022647.
589
What is the highest common factor of 84071402 and 41?
41
What is the greatest common divisor of 1624 and 81527152?
56
Calculate the highest common divisor of 599288 and 740968.
184
What is the highest common factor of 648 and 495624?
24
Calculate the greatest common divisor of 243478476 and 699.
699
Calculate the greatest common factor of 6493986 and 24582.
1446
What is the greatest common divisor of 1287 and 369165225?
429
Calculate the highest common factor of 1499341 and 869.
79
What is the highest common divisor of 51373 and 1631406?
1253
Calculate the highest common factor of 8 and 3504370.
2
What is the highest common factor of 3719316 and 1082412?
3372
Calculate the greatest common factor of 269475236 and 16.
4
Calculate the greatest common factor of 12955891 and 2717.
247
What is the greatest common divisor of 17893 and 178147?
29
What is the greatest common factor of 96 and 862644?
12
Calculate the highest common factor of 847633 and 279.
31
What is the greatest common factor of 535711 and 3131?
31
Calculate the highest common factor of 949222 and 163242.
6046
What is the greatest common divisor of 4439489 and 12403?
157
What is the highest common divisor of 1458 and 566757?
81
What is the greatest common factor of 1598 and 121133194?
1598
Calculate the greatest common divisor of 507 and 30033328.
169
What is the greatest common divisor of 14048 and 5831237?
439
What is the greatest common divisor of 717 and 994957?
239
Calculate the greatest common divisor of 95224618 and 86.
86
Calculate the highest common factor of 21 and 300973533.
21
What is the greatest common factor of 51 and 837641?
17
Calculate the greatest common factor of 24 and 488637696.
24
Calculate the greatest common divisor of 9468 and 1258396614.
4734
What is the greatest common factor of 533849 and 218051?
7519
What is the greatest common divisor of 81 and 1079334?
9
Calculate the highest common factor of 41260710 and 30.
30
What is the highest common factor of 621 and 247155516?
621
Calculate the greatest common divisor of 12912220 and 310.
10
What is the highest common factor of 7751 and 1079666?
23
Calculate the highest common factor of 24318 and 4741002.
126
What is the highest common factor of 29665 and 1050345?
85
Calculate the highest common factor of 897 and 1136109.
39
What is the highest common divisor of 210121 and 133?
19
Calculate the highest common factor of 987432823 and 3901.
3901
Calculate the greatest common factor of 108 and 204548.
4
Calculate the greatest common divisor of 360522033 and 2883.
2883
Calculate the greatest common divisor of 1320 and 218855280.
120
What is the highest common factor of 2386 and 318416472?
2386
What is the greatest common divisor of 665595 and 225?
45
What is the greatest common factor of 4388 and 140560?
4
Calculate the highest common factor of 18 and 357588342.
18
Calculate the greatest common divisor of 6557 and 166498.
83
Calculate the greatest common divisor of 3216893 and 153.
17
Calculate the greatest common divisor of 1654139 and 7697.
179
Calculate the greatest common factor of 944 and 30256144.
944
What is the highest common factor of 7139 and 15499?
11
Calculate the highest common factor of 13534 and 6903451.
101
Calculate the highest common divisor of 392 and 37595446.
98
What is the highest common factor of 121905 and 324765?
315
Calculate the highest common factor of 1537 and 175460846.
1537
Calculate the highest common divisor of 546 and 3629821.
13
Calculate the greatest common factor of 461779560 and 3960.
3960
What is the highest common divisor of 293275 and 1550?
25
Calculate the highest common divisor of 3818 and 2130122.
46
What is the highest common divisor of 85407904 and 386?
386
What is the greatest common divisor of 78270358 and 3076?
1538
Calculate the greatest common divisor of 57 and 15699795.
57
What is the highest common factor of 736720 and 1780?
20
What is the highest common factor of 1970651 and 1784?
223
Calculate the highest common divisor of 1131 and 5811143.
13
Calculate the greatest common divisor of 3822 and 2621697.
39
What is the highest common divisor of 2648359895 and 12470?
6235
Calculate the highest common divisor of 42040775 and 26950.
1225
What is the highest common factor of 12 and 31085322?
6
Calculate the highest common divisor of 234112164 and 572.
572
Calculate the greatest common factor of 255069 and 2613.
201
Calculate the greatest common divisor of 37 and 972915.
37
What is the greatest common factor of 416934796 and 148?
148
Calculate the highest common divisor of 48160 and 2311890.
70
What is the greatest common divisor of 1037 and 1660526?
17
Calculate the highest common factor of 63797481 and 40392.
1683
What is the highest common factor of 19280475 and 28575?
225
Calculate the highest common factor of 84522240 and 2610.
2610
Calculate the greatest common factor of